prime?
True
Is 14019893 prime?
False
Is 504047 a prime number?
True
Is 21596573 composite?
False
Is 2724479 a composite number?
False
Is 17688815 a prime number?
False
Is 20742835 prime?
False
Is 4420313 prime?
False
Is 4225691 prime?
True
Is 1149373 composite?
False
Is 20524667 composite?
False
Is 102964013 composite?
False
Is 116185081 composite?
True
Is 1929167 prime?
False
Is 1502507 composite?
True
Is 32701709 prime?
True
Is 2999569 a composite number?
False
Is 14902373 a composite number?
True
Is 84598043 a composite number?
False
Is 8863406 a composite number?
True
Is 24323269 a prime number?
False
Is 266667617 a composite number?
False
Is 3857507 composite?
True
Is 139567903 prime?
False
Is 990257 a prime number?
False
Is 26315963 a composite number?
True
Is 6687251 composite?
False
Is 30998683 a prime number?
False
Is 3166685 prime?
False
Is 346259 prime?
True
Is 2483381 a prime number?
True
Is 11665403 a composite number?
False
Is 17543621 a prime number?
True
Is 566453 a composite number?
False
Is 14498741 a composite number?
False
Is 835528643 a prime number?
True
Is 55865981 a composite number?
False
Is 1905931 prime?
False
Is 40460513 composite?
True
Is 9777749 prime?
True
Is 1183289 a composite number?
True
Is 110058155 a composite number?
True
Is 5786101 a prime number?
False
Is 11716421 a composite number?
True
Is 60736981 composite?
False
Is 1489751 prime?
True
Is 210516121 composite?
False
Is 134806393 composite?
True
Is 65617487 composite?
True
Is 341656061 a prime number?
False
Is 75924343 a prime number?
False
Is 22641181 prime?
True
Is 4564193 composite?
False
Is 14229071 a composite number?
True
Is 5347403 prime?
True
Is 7096343 prime?
False
Is 1410615853 a prime number?
True
Is 8702131 prime?
True
Is 3163733 prime?
True
Is 1347286 prime?
False
Is 4774727 composite?
False
Is 15974177 prime?
False
Is 11138219 composite?
True
Is 2129306 a composite number?
True
Is 300163519 composite?
False
Is 195329 a composite number?
False
Is 1918199 composite?
True
Is 3927443 composite?
True
Is 684823039 prime?
True
Is 2172749 composite?
True
Is 1568219 composite?
True
Is 462295 a prime number?
False
Is 112914019 a composite number?
False
Is 2008871 composite?
False
Is 807029 prime?
False
Is 4758893 a prime number?
True
Is 68870929 composite?
True
Is 392897 composite?
True
Is 11605703 a prime number?
True
Is 49386671 a prime number?
True
Is 71278511 composite?
False
Is 6246173 prime?
False
Is 462257993 prime?
False
Is 831798679 prime?
True
Is 760681 a prime number?
False
Is 130801577 a composite number?
False
Is 6683461 a prime number?
False
Is 68921813 a prime number?
False
Is 583841 a prime number?
True
Is 9326137 composite?
False
Is 2206811 a prime number?
True
Is 95369027 composite?
True
Is 88253899 a prime number?
True
Is 1005546409 composite?
True
Is 2709277 a composite number?
True
Is 155105443 prime?
False
Is 7407001 a composite number?
True
Is 3652357 prime?
True
Is 94848577 prime?
False
Is 284953 a prime number?
False
Is 35764987 composite?
False
Is 1060756183 a prime number?
False
Is 809995 composite?
True
Is 18374 composite?
True
Is 3649469 a composite number?
False
Is 3465717 a prime number?
False
Is 9547249 a prime number?
True
Is 164696311 composite?
True
Is 41401235 a prime number?
False
Is 325479993 prime?
False
Is 1881263 prime?
True
Is 7446767 prime?
False
Is 4845237 a composite number?
True
Is 16442341 a composite number?
False
Is 2111833 a prime number?
False
Is 64538555 prime?
False
Is 5358898 composite?
True
Is 137501171 a composite number?
False
Is 4035293 a composite number?
False
Is 5170037 a composite number?
True
Is 7497569 a prime number?
False
Is 15996101 a prime number?
False
Is 16979197 prime?
False
Is 16774081 prime?
True
Is 5054237 composite?
True
Is 49450417 a prime number?
False
Is 52509077 prime?
False
Is 2709467 composite?
False
Is 51149467 a composite number?
True
Is 292006109 a prime number?
False
Is 208889267 a prime number?
True
Is 4041379 a composite number?
False
Is 1768253 a prime number?
True
Is 365081 a prime number?
False
Is 575177 composite?
False
Is 3272617 composite?
True
Is 24851083 composite?
True
Is 278029 a prime number?
True
Is 3209339 prime?
False
Is 8390501 a prime number?
False
Is 923237 prime?
False
Is 15404677 composite?
True
Is 20070235 a composite number?
True
Is 5363767 a composite number?
False
Is 478481 composite?
False
Is 1117709 prime?
True
Is 3955201 composite?
True
Is 72859 a composite number?
False
Is 2837671 prime?
False
Is 188236621 prime?
True
Is 3350393 composite?
False
Is 1933711 a prime number?
False
Is 56755579 composite?
False
Is 84137819 prime?
True
Is 9615257 prime?
True
Is 1270163 prime?
False
Is 7601597 a prime number?
True
Is 17787631 composite?
False
Is 319195139 a prime number?
True
Is 32520391 composite?
True
Is 32259167 composite?
True
Is 5858093 a prime number?
True
Is 3263353 prime?
True
Is 28483339 composite?
False
Is 86387005 prime?
False
Is 101969969 prime?
True
Is 624373 a prime number?
False
Is 98073377 composite?
True
Is 165820947 prime?
False
Is 606173 composite?
False
Is 5342993 a prime number?
True
Is 8728547 a prime number?
False
Is 17195239 a prime number?
True
Is 76999 a composite number?
True
Is 659726 a prime number?
False
Is 4061717 a prime number?
False
Is 10889371 prime?
True
Is 195143815 composite?
True
Is 679893913 prime?
True
Is 1363361 composite?
False
Is 23989387 a composite number?
True
Is 84985549 a prime number?
False
Is 238097 composite?
True
Is 4540709 composite?
True
Is 3671953 composite?
True
Is 48157727 composite?
False
Is 843347 a prime number?
True
Is 812762 composite?
True
Is 111591983 composite?
False
Is 145972819 composite?
False
Is 5669137 a prime number?
False
Is 266519927 prime?
False
Is 95101969 a prime number?
True
Is 1716329 a composite number?
True
Is 7499 a composite number?
False
Is 501089 composite?
False
Is 91535023 a prime number?
True
Is 30784673 a prime number?
False
Is 30451829 prime?
False
Is 500742433 a prime number?
True
Is 202182965 prime?
False
Is 95705305 composite?
True
Is 6166037 prime?
True
Is 130209839 composite?
False
Is 303999 prime?
False
Is 26107457 composite?
False
Is 2706593 a prime number?
True
Is 1694599 a composite number?
False
Is 15661831 a composite number?
False
Is 4125161 a prime number?
False
Is 14448001 composite?
False
Is 30933433 a composite number?
False
Is 47660357 prime?
True
Is 5024281 composite?
True
Is 44249818 a composite number?
True
Is 94867 prime?
False
Is 87485921 composite?
True
Is 1134761 prime?
False
Is 23632691 a composite number?
False
Is 681221 a composite number?
False
Is 21061427 a composite number?
False
Is 1113173 a prime number?
True
Is 109636333 a prime number?
True
Is 87111797 a prime number?
True
Is 25800839 a prime number?
True
Is 6179995 a composite number?
True
Is 81753043 prime?
False
Is 106043029 prime?
False
Is 22807 prime?
True
Is 14650355 a composite number?
True
Is 29622497 a composite number?
True
Is 269978 a prime number?
False
Is 339791027 a prime number?
True
Is 47219 composite?
True
Is 318631 composite?
True
Is 6850007 prime?
True
Is 3493099 a composite number?
False
Is 11059141 a composite number?
False
Is 27712933 a composite number?
True
Is 11872447 composite?
False
Is 6512539 prime?
False
Is 54340043 a composite number?
True
Is 922931599 composite?
True
Is 9138529 prime?
False
Is 115503 composite?
True
Is 201899729 a composite number?
False
Is 5097389 prime?
False
Is 2106647 a prime number?
False
Is 5353043 prime?
False
Is 565207 a prime number?
True
Is 10350982 a composite number?
True
Is 63361553 a prime number?
False
Is 470975555 prime?
False
Is 38576063 prime?
True
Is 15108713 prime?
False
Is 581797 a composite number?
False
Is 2105515 prime?
False
Is 241331 a prime number?
False
Is 5586657 a composite number?
True
Is 129721723 composite?
False
Is 74052427 a composite number?
False
Is 60787771 a prime number?
False
Is 610411 composite?
True
Is 8845771 composite?
True
Is 79211827 a prime number?
False
Is 57483731 a prime number?
True
Is 16150586 a composite number?
True
Is 4602011 a composite number?
False
Is 144635189 a prime number?
True
Is 3940207 a composite number?
False
Is 50162171 a composite number?
False
Is 444